[INFO] cloning repository https://github.com/abeyonalaja/rsnake
[INFO] running `Command { std: "git" "-c" "credential.helper=" "-c" "credential.helper=/workspace/cargo-home/bin/git-credential-null" "clone" "--bare" "https://github.com/abeyonalaja/rsnake" "/workspace/cache/git-repos/https%3A%2F%2Fgithub.com%2Fabeyonalaja%2Frsnake", kill_on_drop: false }`
[INFO] [stderr] Cloning into bare repository '/workspace/cache/git-repos/https%3A%2F%2Fgithub.com%2Fabeyonalaja%2Frsnake'...
[INFO] running `Command { std: "git" "rev-parse" "HEAD", kill_on_drop: false }`
[INFO] [stdout] 3db4c665a25fa57e12c9bf8b5de902ca4c739bb1
[INFO] building abeyonalaja/rsnake against master#881c1ac408d93bb7adaa3a51dabab9266e82eee8 for issue-85264
[INFO] running `Command { std: "git" "clone" "/workspace/cache/git-repos/https%3A%2F%2Fgithub.com%2Fabeyonalaja%2Frsnake" "/workspace/builds/worker-8/source", kill_on_drop: false }`
[INFO] [stderr] Cloning into '/workspace/builds/worker-8/source'...
[INFO] [stderr] done.
[INFO] validating manifest of git repo https://github.com/abeyonalaja/rsnake on toolchain 881c1ac408d93bb7adaa3a51dabab9266e82eee8
[INFO] running `Command { std: "/workspace/cargo-home/bin/cargo" "+881c1ac408d93bb7adaa3a51dabab9266e82eee8" "metadata" "--manifest-path" "Cargo.toml" "--no-deps", kill_on_drop: false }`
[INFO] started tweaking git repo https://github.com/abeyonalaja/rsnake
[INFO] finished tweaking git repo https://github.com/abeyonalaja/rsnake
[INFO] tweaked toml for git repo https://github.com/abeyonalaja/rsnake written to /workspace/builds/worker-8/source/Cargo.toml
[INFO] crate git repo https://github.com/abeyonalaja/rsnake already has a lockfile, it will not be regenerated
[INFO] running `Command { std: "/workspace/cargo-home/bin/cargo" "+881c1ac408d93bb7adaa3a51dabab9266e82eee8" "fetch" "--manifest-path" "Cargo.toml", kill_on_drop: false }`
[INFO] [stderr]     Blocking waiting for file lock on package cache
[INFO] [stderr]  Downloading crates ...
[INFO] [stderr]   Downloaded piston2d-graphics v0.32.0
[INFO] [stderr]   Downloaded piston-gfx_texture v0.36.0
[INFO] [stderr]   Downloaded piston2d-gfx_graphics v0.61.0
[INFO] [stderr]   Downloaded piston_window v0.100.0
[INFO] running `Command { std: "docker" "create" "-v" "/var/lib/crater-agent-workspace/builds/worker-8/target:/opt/rustwide/target:rw,Z" "-v" "/var/lib/crater-agent-workspace/builds/worker-8/source:/opt/rustwide/workdir:ro,Z" "-v" "/var/lib/crater-agent-workspace/cargo-home:/opt/rustwide/cargo-home:ro,Z" "-v" "/var/lib/crater-agent-workspace/rustup-home:/opt/rustwide/rustup-home:ro,Z" "-e" "SOURCE_DIR=/opt/rustwide/workdir" "-e" "CARGO_TARGET_DIR=/opt/rustwide/target" "-e" "CARGO_HOME=/opt/rustwide/cargo-home" "-e" "RUSTUP_HOME=/opt/rustwide/rustup-home" "-w" "/opt/rustwide/workdir" "-m" "1610612736" "--user" "0:0" "--network" "none" "ghcr.io/rust-lang/crates-build-env/linux@sha256:20528e8c29e4536546f0102ce88568b16ea7538393a33fcca951030f7af10457" "/opt/rustwide/cargo-home/bin/cargo" "+881c1ac408d93bb7adaa3a51dabab9266e82eee8" "metadata" "--no-deps" "--format-version=1", kill_on_drop: false }`
[INFO] [stdout] 9cd2785c2bb54454650994b6540fdbb05e57e32f22384d0b9999fe6c8631e160
[INFO] [stderr] WARNING: Your kernel does not support swap limit capabilities or the cgroup is not mounted. Memory limited without swap.
[INFO] running `Command { std: "docker" "start" "-a" "9cd2785c2bb54454650994b6540fdbb05e57e32f22384d0b9999fe6c8631e160", kill_on_drop: false }`
[INFO] running `Command { std: "docker" "inspect" "9cd2785c2bb54454650994b6540fdbb05e57e32f22384d0b9999fe6c8631e160", kill_on_drop: false }`
[INFO] running `Command { std: "docker" "rm" "-f" "9cd2785c2bb54454650994b6540fdbb05e57e32f22384d0b9999fe6c8631e160", kill_on_drop: false }`
[INFO] [stdout] 9cd2785c2bb54454650994b6540fdbb05e57e32f22384d0b9999fe6c8631e160
[INFO] running `Command { std: "docker" "create" "-v" "/var/lib/crater-agent-workspace/builds/worker-8/target:/opt/rustwide/target:rw,Z" "-v" "/var/lib/crater-agent-workspace/builds/worker-8/source:/opt/rustwide/workdir:ro,Z" "-v" "/var/lib/crater-agent-workspace/cargo-home:/opt/rustwide/cargo-home:ro,Z" "-v" "/var/lib/crater-agent-workspace/rustup-home:/opt/rustwide/rustup-home:ro,Z" "-e" "SOURCE_DIR=/opt/rustwide/workdir" "-e" "CARGO_TARGET_DIR=/opt/rustwide/target" "-e" "CARGO_INCREMENTAL=0" "-e" "RUST_BACKTRACE=full" "-e" "RUSTFLAGS=--cap-lints=forbid" "-e" "CARGO_HOME=/opt/rustwide/cargo-home" "-e" "RUSTUP_HOME=/opt/rustwide/rustup-home" "-w" "/opt/rustwide/workdir" "-m" "1610612736" "--user" "0:0" "--network" "none" "ghcr.io/rust-lang/crates-build-env/linux@sha256:20528e8c29e4536546f0102ce88568b16ea7538393a33fcca951030f7af10457" "/opt/rustwide/cargo-home/bin/cargo" "+881c1ac408d93bb7adaa3a51dabab9266e82eee8" "build" "--frozen" "--message-format=json", kill_on_drop: false }`
[INFO] [stdout] 2873ac29c050f676cea6fdeee2e85cca0dba18e2509ed30948fbab82ae726de8
[INFO] [stderr] WARNING: Your kernel does not support swap limit capabilities or the cgroup is not mounted. Memory limited without swap.
[INFO] running `Command { std: "docker" "start" "-a" "2873ac29c050f676cea6fdeee2e85cca0dba18e2509ed30948fbab82ae726de8", kill_on_drop: false }`
[INFO] [stderr]    Compiling autocfg v0.1.5
[INFO] [stderr]    Compiling cfg-if v0.1.9
[INFO] [stderr]    Compiling proc-macro2 v0.4.30
[INFO] [stderr]    Compiling bitflags v1.1.0
[INFO] [stderr]    Compiling log v0.4.7
[INFO] [stderr]    Compiling syn v0.15.41
[INFO] [stderr]    Compiling arrayvec v0.4.11
[INFO] [stderr]    Compiling byteorder v1.3.2
[INFO] [stderr]    Compiling nodrop v0.1.13
[INFO] [stderr]    Compiling rand_core v0.4.0
[INFO] [stderr]    Compiling scopeguard v0.3.3
[INFO] [stderr]    Compiling cc v1.0.38
[INFO] [stderr]    Compiling piston-float v1.0.0
[INFO] [stderr]    Compiling memoffset v0.2.1
[INFO] [stderr]    Compiling khronos_api v2.2.0
[INFO] [stderr]    Compiling rayon-core v1.5.0
[INFO] [stderr]    Compiling pkg-config v0.3.14
[INFO] [stderr]    Compiling serde v1.0.97
[INFO] [stderr]    Compiling piston-graphics_api_version v0.2.0
[INFO] [stderr]    Compiling adler32 v1.0.3
[INFO] [stderr]    Compiling same-file v1.0.5
[INFO] [stderr]    Compiling downcast-rs v1.0.4
[INFO] [stderr]    Compiling stable_deref_trait v1.1.1
[INFO] [stderr]    Compiling either v1.5.2
[INFO] [stderr]    Compiling smallvec v0.6.10
[INFO] [stderr]    Compiling scoped_threadpool v0.1.9
[INFO] [stderr]    Compiling piston-texture v0.6.0
[INFO] [stderr]    Compiling interpolation v0.2.0
[INFO] [stderr]    Compiling read_color v1.0.0
[INFO] [stderr]    Compiling ppv-lite86 v0.2.5
[INFO] [stderr]    Compiling lazy_static v1.3.0
[INFO] [stderr]    Compiling semver v0.9.0
[INFO] [stderr]    Compiling piston-viewport v1.0.0
[INFO] [stderr]    Compiling vecmath v1.0.0
[INFO] [stderr]    Compiling inflate v0.4.5
[INFO] [stderr]    Compiling walkdir v2.2.9
[INFO] [stderr]    Compiling rand_core v0.3.1
[INFO] [stderr]    Compiling rand_jitter v0.1.4
[INFO] [stderr]    Compiling shader_version v0.6.0
[INFO] [stderr]    Compiling gif v0.10.2
[INFO] [stderr]    Compiling owning_ref v0.4.0
[INFO] [stderr]    Compiling crossbeam-utils v0.6.5
[INFO] [stderr]    Compiling num-traits v0.2.8
[INFO] [stderr]    Compiling rand_chacha v0.1.1
[INFO] [stderr]    Compiling num-integer v0.1.41
[INFO] [stderr]    Compiling rand_pcg v0.1.2
[INFO] [stderr]    Compiling rand v0.6.5
[INFO] [stderr]    Compiling num-iter v0.1.39
[INFO] [stderr]    Compiling num-rational v0.2.2
[INFO] [stderr]    Compiling rand_chacha v0.2.0
[INFO] [stderr]    Compiling num_cpus v1.10.1
[INFO] [stderr]    Compiling rand_os v0.1.3
[INFO] [stderr]    Compiling memmap v0.7.0
[INFO] [stderr]    Compiling shared_library v0.1.9
[INFO] [stderr]    Compiling getrandom v0.1.6
[INFO] [stderr]    Compiling rand_xorshift v0.1.1
[INFO] [stderr]    Compiling rand_isaac v0.1.1
[INFO] [stderr]    Compiling rand_hc v0.1.0
[INFO] [stderr]    Compiling rustc_version v0.2.3
[INFO] [stderr]    Compiling lock_api v0.1.5
[INFO] [stderr]    Compiling c2-chacha v0.2.2
[INFO] [stderr]    Compiling crossbeam-queue v0.1.2
[INFO] [stderr]    Compiling x11-dl v2.18.3
[INFO] [stderr]    Compiling gl_generator v0.11.0
[INFO] [stderr]    Compiling gl_generator v0.10.0
[INFO] [stderr]    Compiling nix v0.14.1
[INFO] [stderr]    Compiling draw_state v0.8.0
[INFO] [stderr]    Compiling xml-rs v0.7.0
[INFO] [stderr]    Compiling osmesa-sys v0.1.2
[INFO] [stderr]    Compiling rand_core v0.5.0
[INFO] [stderr]    Compiling crossbeam-epoch v0.7.1
[INFO] [stderr]    Compiling parking_lot_core v0.4.0
[INFO] [stderr]    Compiling stb_truetype v0.2.6
[INFO] [stderr]    Compiling deflate v0.7.20
[INFO] [stderr]    Compiling quote v0.6.13
[INFO] [stderr]    Compiling libloading v0.5.2
[INFO] [stderr]    Compiling rand v0.7.0
[INFO] [stderr]    Compiling wayland-scanner v0.21.13
[INFO] [stderr]    Compiling crossbeam-deque v0.6.3
[INFO] [stderr]    Compiling gl_generator v0.9.0
[INFO] [stderr]    Compiling dlib v0.4.1
[INFO] [stderr]    Compiling ordered-float v1.0.2
[INFO] [stderr]    Compiling approx v0.3.2
[INFO] [stderr]    Compiling line_drawing v0.7.0
[INFO] [stderr]    Compiling wayland-sys v0.21.13
[INFO] [stderr]    Compiling rusttype v0.7.7
[INFO] [stderr]    Compiling glutin_egl_sys v0.1.3
[INFO] [stderr]    Compiling glutin_glx_sys v0.1.5
[INFO] [stderr]    Compiling rayon v1.1.0
[INFO] [stderr]    Compiling gl v0.11.0
[INFO] [stderr]    Compiling andrew v0.2.1
[INFO] [stderr]    Compiling piston2d-graphics v0.32.0
[INFO] [stderr]    Compiling parking_lot v0.7.1
[INFO] [stderr]    Compiling png v0.14.1
[INFO] [stderr]    Compiling gfx_gl v0.5.0
[INFO] [stderr]    Compiling wayland-client v0.21.13
[INFO] [stderr]    Compiling wayland-protocols v0.21.13
[INFO] [stderr]    Compiling wayland-commons v0.21.13
[INFO] [stderr]    Compiling jpeg-decoder v0.1.15
[INFO] [stderr]    Compiling derivative v1.0.2
[INFO] [stderr]    Compiling serde_derive v1.0.97
[INFO] [stderr]    Compiling num-derive v0.2.5
[INFO] [stderr]    Compiling smithay-client-toolkit v0.4.6
[INFO] [stderr]    Compiling tiff v0.2.2
[INFO] [stderr]    Compiling gfx_core v0.8.3
[INFO] [stderr]    Compiling image v0.21.2
[INFO] [stderr]    Compiling winit v0.19.1
[INFO] [stderr]    Compiling gfx v0.17.1
[INFO] [stderr]    Compiling gfx_device_gl v0.15.5
[INFO] [stderr]    Compiling pistoncore-input v0.28.0
[INFO] [stderr]    Compiling piston-gfx_texture v0.36.0
[INFO] [stderr]    Compiling glutin v0.21.0
[INFO] [stderr]    Compiling piston2d-gfx_graphics v0.61.0
[INFO] [stderr]    Compiling pistoncore-window v0.44.0
[INFO] [stderr]    Compiling pistoncore-event_loop v0.49.0
[INFO] [stderr]    Compiling pistoncore-glutin_window v0.63.0
[INFO] [stderr]    Compiling piston v0.49.0
[INFO] [stderr]    Compiling piston_window v0.100.0
[INFO] [stderr]    Compiling rsnake v0.1.0 (/opt/rustwide/workdir)
[INFO] [stdout] error[E0432]: unresolved import `draw`
[INFO] [stdout]  --> src/snake.rs:5:5
[INFO] [stdout]   |
[INFO] [stdout] 5 | use draw::draw_block;
[INFO] [stdout]   |     ^^^^ help: a similar path exists: `crate::draw`
[INFO] [stdout]   |
[INFO] [stdout]   = note: `use` statements changed in Rust 2018; read more at <https://doc.rust-lang.org/edition-guide/rust-2018/module-system/path-clarity.html>
[INFO] [stdout] 
[INFO] [stdout] 
[INFO] [stdout] warning: unused imports: `Context`, `G2d`
[INFO] [stdout]  --> src/snake.rs:2:21
[INFO] [stdout]   |
[INFO] [stdout] 2 | use piston_window::{Context, G2d};
[INFO] [stdout]   |                     ^^^^^^^  ^^^
[INFO] [stdout]   |
[INFO] [stdout]   = note: `#[warn(unused_imports)]` on by default
[INFO] [stdout] 
[INFO] [stdout] 
[INFO] [stdout] warning: unused import: `std::collections::LinkedList`
[INFO] [stdout]  --> src/snake.rs:3:5
[INFO] [stdout]   |
[INFO] [stdout] 3 | use std::collections::LinkedList;
[INFO] [stdout]   |     ^^^^^^^^^^^^^^^^^^^^^^^^^^^^
[INFO] [stdout] 
[INFO] [stdout] 
[INFO] [stdout] error[E0308]: mismatched types
[INFO] [stdout]   --> src/draw.rs:39:13
[INFO] [stdout]    |
[INFO] [stdout] 39 |             BLOCK_SIZE * (width as f64),
[INFO] [stdout]    |             ^^^^^^^^^^^^^^^^^^^^^^^^^^^ expected `i32`, found `f64`
[INFO] [stdout] 
[INFO] [stdout] 
[INFO] [stdout] error[E0599]: no variant or associated item named `UP` found for enum `Direction` in the current scope
[INFO] [stdout]   --> src/snake.rs:19:24
[INFO] [stdout]    |
[INFO] [stdout] 9  | pub enum Direction {
[INFO] [stdout]    | ------------------ variant or associated item `UP` not found here
[INFO] [stdout] ...
[INFO] [stdout] 19 |             Direction::UP => Direction::Down,
[INFO] [stdout]    |                        ^^
[INFO] [stdout]    |                        |
[INFO] [stdout]    |                        variant or associated item not found in `Direction`
[INFO] [stdout]    |                        help: there is a variant with a similar name: `Up`
[INFO] [stdout] 
[INFO] [stdout] 
[INFO] [stdout] error[E0599]: no variant or associated item named `UP` found for enum `Direction` in the current scope
[INFO] [stdout]   --> src/snake.rs:20:43
[INFO] [stdout]    |
[INFO] [stdout] 9  | pub enum Direction {
[INFO] [stdout]    | ------------------ variant or associated item `UP` not found here
[INFO] [stdout] ...
[INFO] [stdout] 20 |             Direction::Down => Direction::UP,
[INFO] [stdout]    |                                           ^^
[INFO] [stdout]    |                                           |
[INFO] [stdout]    |                                           variant or associated item not found in `Direction`
[INFO] [stdout]    |                                           help: there is a variant with a similar name: `Up`
[INFO] [stdout] 
[INFO] [stdout] 
[INFO] [stdout] error: aborting due to 4 previous errors; 2 warnings emitted
[INFO] [stdout] 
[INFO] [stdout] 
[INFO] [stdout] Some errors have detailed explanations: E0308, E0432, E0599.
[INFO] [stdout] 
[INFO] [stdout] For more information about an error, try `rustc --explain E0308`.
[INFO] [stdout] 
[INFO] [stderr] error: could not compile `rsnake`
[INFO] [stderr] 
[INFO] [stderr] To learn more, run the command again with --verbose.
[INFO] running `Command { std: "docker" "inspect" "2873ac29c050f676cea6fdeee2e85cca0dba18e2509ed30948fbab82ae726de8", kill_on_drop: false }`
[INFO] running `Command { std: "docker" "rm" "-f" "2873ac29c050f676cea6fdeee2e85cca0dba18e2509ed30948fbab82ae726de8", kill_on_drop: false }`
[INFO] [stdout] 2873ac29c050f676cea6fdeee2e85cca0dba18e2509ed30948fbab82ae726de8
